 + 14*q - 2*q**2. Let p be k(11). Let d(j) = -p + 0 + 65*j - 64*j. Calculate d(-3).
-5
Suppose 0 = -94*k + 105*k - 44. Suppose 5*f = 4*b - 27, 18 = 15*b - 13*b - k*f. Let u(v) = 2*v**2 - 3*v - 1. Determine u(b).
8
Suppose 34*o = -206*o + 960. Let r(z) = -z**2 + 8*z - 19. What is r(o)?
-3
Let q(i) = 1 - 80*i + 79*i + 4 + 0 + 2 + i**3. Give q(0).
7
Let w(d) be the first derivative of d**3/3 - 4*d**2 + 10*d + 2798. Give w(10).
30
Let f = -42347/4 + 10587. Let z(y) be the first derivative of 8/3*y**3 - 19 + f*y**4 - 11/2*y**2 - 8*y. Determine z(-9).
10
Let g(q) = 2. Let i(b) = b**2 - 4*b + 11. Let h(o) = -4*g(o) + i(o). Suppose 0 = -4*l + 20 - 0. Suppose f = -l*a + 24, -a = -5*f - 0*f + 16. Calculate h(f).
3
Let v(z) = -z**3 - 57*z**2 + 58*z + 9. Suppose 20*b + 48 = -m + 15*b, 4*m = b - 234. What is v(m)?
9
Let s(k) be the first derivative of -k**4/4 - 5*k**3/3 - k**2/2 + 7*k + 1413. What is s(-5)?
12
Let x be ((-24 - -14)/10)/(3/(-15)). Let v(f) = -f**2 + 11*f. Determine v(x).
30
Let r(y) = 16*y - 1. Suppose -16 = 8*i - 128. Suppose -5*f - i = -4. Calculate r(f).
-33
Let z(w) = -10*w - 2. Let m be 1/1*-546 + (-48)/12. Let d = -553 - m. Determine z(d).
28
Let x(k) = 480*k + 964. Let m be x(-2). Let d(u) = u - 16. Calculate d(m).
-12
Suppose 0 = 3*f - 8*f - 30. Let o be (8/(-3))/(f/9). Let p(l) = -o*l**2 + 0*l**2 + 4 - l**3 + 4 + 5*l - l**2. Determine p(-6).
14
Suppose -3 = 2*d - 5*l - 33, 4*d + 4*l - 4 = 0. Let h(y) = -y**3 + 8*y**2 - 16*y + 15. What is h(d)?
10
Let i(q) = q**2 - 6*q - 210. Let x be i(-12). Let z(n) = -n**3 + 10*n**2 - 23*n + 3. What is z(x)?
9
Let l(h) be the second derivative of h**5/20 - h**4/3 - 8*h**3/3 + 13*h**2/2 + h - 573. Give l(6).
-11
Suppose 11*w = 2*w + 99. Suppose -a + 0*p = -2*p + w, 3*a + 5 = -p. Let j(g) = -3*g - 4. What is j(a)?
5
Let n(w) = w + 18. Let b(o) = -4. Let k(r) = r**3 - 16*r**2 - 18*r + 16. Let h be k(17). Let d(v) = h*n(v) - 4*b(v). Give d(-1).
-1
Let m(v) = 5*v + 31. Suppose -5*h + 4*h = -5. Suppose 2*t = 3*t + w + 3, t + 21 = h*w. Let o be m(t). Let z(q) = -q**3 + q**2 + q - 1. What is z(o)?
0
Let w = 482 - 452. Let b(u) = w*u - 9*u + 0*u**3 + 20 + 4*u**3 - 3*u**3 - 9 + 12*u**2. Give b(-10).
1
Let x(f) = 1. Let y(v) = 9*v + 16. Let q(a) = 5*x(a) + y(a). Let p be q(11). Let g be p/48*(1 + 1). Let s(m) = -2*m**2 + 6*m + 7. Calculate s(g).
-13
Let q = 1386 + -1387. Let m(u) = u. Let x(i) = -3*i. Let l be (21/2)/((-2)/4). Let r(c) = l*m(c) - 5*x(c). Determine r(q).
6
Let o(b) = b**2 - 11*b + 24. Let a = -774 + 768. Let h be 3 + ((-48)/a - 2/1). Calculate o(h).
6
Let i(r) = -48 + 380*r**2 - 764*r**2 - 27*r + 383*r**2 - 28. Calculate i(-23).
16
Suppose -79 = a - 5*d, a + 8900*d - 8901*d + 11 = 0. Let q(h) be the third derivative of -1/24*h**4 + 0 + h**3 + 0*h - h**2. Determine q(a).
0
Let l be (69 - 1)*1/(-4). Let d be 106/(-8) + l/(-68). Let a(r) = r + 9. Calculate a(d).
-4
Let v(i) = -10*i - 6. Let z(c) = 52*c + 32. Let n(r) = -r**2 - 3*r - 2. Let m be n(0). Let k(g) = m*z(g) - 11*v(g). Determine k(-1).
-4
Let w be (1*-2 - -17) + 434 + -440. Let t(n) = n**2 - 21*n + 6. Determine t(w).
-102
Let l(y) = y**3 - 3*y**2 - 3*y + 8. Let g be (-1)/(-2)*(-5 + 4)*-4 + 2. Give l(g).
12
Let c(q) = -23*q + 363. Suppose -7329 = -7*d - 7217. Calculate c(d).
-5
Let t(k) = -12*k + 1. Let p(h) = 19*h - 2. Let c = 216 + -224. Let d(n) = c*t(n) - 5*p(n). Calculate d(5).
7
Let d(i) = -2*i**2 - i - 2. Let j(g) be the second derivative of 22*g - 1/2*g**3 + 0 - g**2. Let o be j(0). Calculate d(o).
-8
Let z(t) = t**2 - 3*t - 5. Suppose -6*u + 219 = -3*o - u, 4*u + 73 = -o. Let i = o + 76. Let m be (6/(i - 0))/((-2)/(-4)). Give z(m).
-1
Let d(q) = -q**3 - 9*q**2 - 23*q - 10. Let t be (-442)/9945 + (-446)/90. Determine d(t).
5
Let l(y) = 2*y + 25. Suppose -7*m + 5*m = 5*o - 37, -5*o + m = -49. Determine l(o).
43
Suppose -d - 48 = -g, 0 = 2*d - 5*g - 35 + 146. Let v = d - -47. Let r(w) = -43 + 0*w**2 + 39 - w + 4*w**2 + 3*w**3 - v*w**3. Give r(3).
2
Let s(q) = 256*q**3 - 51*q**2 + 61*q + 71. Let z(v) = 57*v**3 - 13*v**2 + 15*v + 18. Let x(o) = 2*s(o) - 9*z(o). Let m be 2*13/2 - -1. Give x(m).
-6
Suppose -41 + 97 = 7*s. Let t(x) = x**3 - 10*x**2 + 16*x - 5. What is t(s)?
-5
Let i(a) = -a**3 - a**2 - 2*a + 75. Let w be i(0). Let l(y) = 4*y - 79 + 150 - w. Calculate l(5).
16
Suppose -7 = 2*c - 3. Suppose 0 = -v + 5 + 19. Let w(n) = n**3 - 55*n - 1 + 29*n + 0*n**3 + v*n. Calculate w(c).
-5
Let k be (12/10)/((-75)/(-500)). Let w(b) = -4 + 8*b + 3 - k*b + b. Determine w(-7).
-8
Let z(l) = -l**3 - 9*l**2 - 7*l + 13. Let d be z(-8). Let v be 1*(d + -1 - 4). Let a(x) = -2 - 4 - 2*x + v - 4*x**2 + 7. What is a(1)?
-5
Suppose 0 = -4*j - 22 + 2. Let k(t) = 178*t + 8 - 711*t + 179*t + t**3 + 6*t**2 + 178*t + 183*t. Let q be k(j). Let i(h) = 5*h**2 - h - 2. What is i(q)?
20
Let b(i) be the second derivative of -5*i**3/3 + 39*i**2/2 + 3207*i. What is b(3)?
9
Let q = -29 - -29. Suppose q = 5*h - 48 + 38. Let v(i) = -38*i + 37*i - i**h - 5*i**2. Calculate v(1).
-7
Let s(d) be the first derivative of d**4/4 + 13*d**3/3 + 15*d**2/2 + 25*d - 910. Give s(-12).
-11
Let y(l) = 16*l**3 + 4*l**2 - 14*l + 11. Let p be y(1). Let u(c) = -3*c + 9. Give u(p).
-42
Let g(x) be the second derivative of 2/3*x**3 + 0 - 18*x - 1/12*x**4 + 0*x**2. What is g(4)?
0
Let a(t) = 7*t - 7. Let f(n) = -7*n + 12. Let w(d) = -2*d + 3. Let p(b) = 2*f(b) - 9*w(b). Let q(z) = -3*a(z) + 5*p(z). Let j be 10/2*(1 + 0). Calculate q(j).
1
Let m(u) = 9*u - 2. Let r(t) = -11*t + 1. Let b(c) = 5*m(c) + 4*r(c). What is b(16)?
10
Let d(n) = n - 4 - 2 - n**2 - 4. Suppose 38*w = 39*w + 2. Let u(m) = -34*m - 68. Let q be u(w). Determine d(q).
-10
Let v = 22 + 7. Let a = v + -27. Let b(i) = -a*i - 6*i**2 + 3*i + 3*i**3 - 1 + 7*i**3 - 9*i**3. What is b(6)?
5
Let c(r) = r**2 + 8*r + 24. Suppose s - 23 = 4*l + 2*s, -4 = -3*l - 5*s. Let h be c(l). Let x(n) = 6*n + h*n - 22*n - 2. Determine x(3).
1
Let s(p) = -4*p + 21. Let t be s(5). Let z = 85 + -83. Let i(w) = 7*w**3 - w**2 + w**z - 1 - 2*w**2 + 4*w**2. Calculate i(t).
8
Let g(l) be the first derivative of 49 - 6*l + 1/4*l**4 + 2*l**3 - l**2. Let h = 0 - 6. Give g(h).
6
Let d(h) = 1 - 3 + 3*h + 0. Let n be (-3 - -4)*28/(-4). Let i(g) = g**2 + 7*g + 4. Let t be i(n). Calculate d(t).
10
Let c(v) = -v**3 + 16*v**2 + v - 2. Let w be (60/(-9))/((-210)/504). Calculate c(w).
14
Let w(m) be the third derivative of 0*m - 1/6*m**3 + 1/3*m**4 + 25*m**2 + 2 - 1/60*m**5. Determine w(8).
-1
Let s(z) = 17*z**2 - 7*z + 9. Let h be s(-12). Let b(n) = h + n**2 + 4*n + 0*n**2 - 2538. Give b(-7).
24
Let z(h) = h**2 + 20*h - 58. Let k be ((-2750)/1375)/((-4)/(-38) - 0). Give z(k).
-77
Let z(a) = -2*a**2 + 2. Let c(f) = f**3 + 4*f**2 + 6*f + 4. Let g be c(-4). Let r(w) = -22*w**2 + 30*w. Let y be r(2). Let t be 1 - g/y - 46/14. Give z(t).
-16
Let m = 16 + -7. Let z(v) be the third derivative of v**5/60 - v**4/6 + 5*v**3/6 - 38*v**2 - v - 1. Determine z(m).
50
Let i(m) = 6*m + 1. Suppose -11*l + 3*l = 0. Suppose -3*v + 0*v - 1 = 2*n, -2*v + 6 = 3*n. Let x be 3 + (l - v - 4). What is i(x)?
13
Let s = 272629 + -272626. Let y(t) = -5*t**3 + 9*t**2 + t + 26. Let n(o) = o**3 - 2*o**2 - 5. Let j(h) = -11*n(h) - 2*y(h). Determine j(s).
6
Let n(h) be the third derivative of h**6/120 - 7*h**5/60 - 19*h**4/24 + 3*h**3/2 - 871*h**2. Calculate n(9).
0
Let k(x) = x**3 - 6*x**2 + 2*x - 9. Let f(j) = j**2 - 49. Let m be f(-7). Suppose -21 = -3*p + 3*b, -5*b = -m*p + 4*p - 19. Determine k(p).
3
Let i be ((-3)/(-3))/1 - 0. Suppose -4*r + i = 21. Let m(f) be the second derivative of f**5/20 + f**4/3 - 2*f**3/3 - 5*f**2/2 - 41*f + 32. Calculate m(r).
-10
Let s(q) be the third derivative of 3*q**2 - 1/6*q**3 - 1/6*q**4 - 28*q - 1/30*q**5 + 0. Give s(4).
-49
Let j(b) = -7*b**3 - 47*b**2 + 14*b - 8. Let y(l) = l**3 + 7*l**2 - 2*l + 2. Let m(v) = j(v) + 6*y(v). Determine m(3).
-62
Let l(b) be the third derivative of -b**7/2520 + b**6/180 + 11*b**5/120 - 71*b**4/12 - 5*b**2 - 4*b. Let z(k) be the second derivative of l(k). What is z(8)?
-21
Let s(a) = a**3 - 33*a**2 - 33*a - 50. Let u be (14 - -88)*2*(-12)/(-72). Give s(u).
-16
Let u(c) be the third derivative of c**5/15 - 13*c**4/12 + 5*c**3/2 - 2210*c**2. Calculate u(6).
3
Let f(o) be the third derivative of 7/6*o**3 - 1/2*o**4 + 0*o 